 and 9898.
1414
Calculate the greatest common factor of 27360 and 466560.
1440
Calculate the highest common factor of 41179756 and 4908.
1636
Calculate the greatest common divisor of 210 and 108407250.
210
What is the greatest common divisor of 25425 and 151420?
565
What is the greatest common divisor of 292819132 and 7352?
3676
Calculate the highest common factor of 1512 and 489496.
56
What is the greatest common divisor of 140549850 and 6615?
945
What is the highest common factor of 6914 and 75194?
2
Calculate the greatest common divisor of 500510 and 590.
10
What is the greatest common divisor of 14909400 and 747980?
5020
Calculate the highest common factor of 2113008 and 40.
8
What is the greatest common divisor of 100914 and 2224?
278
Calculate the greatest common divisor of 2893 and 449603.
11
Calculate the greatest common divisor of 244326736 and 24.
8
Calculate the highest common factor of 6664 and 13840652.
476
Calculate the highest common divisor of 585 and 45354660.
195
What is the greatest common divisor of 214 and 131628190?
214
What is the highest common divisor of 5771625 and 50625?
375
Calculate the highest common factor of 48273668 and 3152.
788
What is the greatest common divisor of 429 and 1660392?
3
Calculate the highest common factor of 5145 and 219814.
49
What is the greatest common divisor of 376004 and 822158?
2806
What is the greatest common divisor of 928998 and 505?
101
Calculate the highest common factor of 44962442 and 182.
14
Calculate the highest common divisor of 145 and 180021995.
145
What is the greatest common divisor of 64094 and 20194?
878
Calculate the greatest common factor of 156260 and 439595.
65
What is the highest common factor of 5131908 and 1116?
36
Calculate the greatest common factor of 740 and 1709326.
74
Calculate the highest common divisor of 315 and 45700935.
105
What is the highest common divisor of 12901 and 152019?
133
What is the highest common divisor of 6725256 and 12?
12
Calculate the highest common divisor of 445595240 and 5480.
5480
Calculate the greatest common divisor of 6025 and 30925.
25
Calculate the highest common factor of 240 and 589104.
48
Calculate the greatest common divisor of 5170 and 89274855.
235
Calculate the highest common factor of 5325 and 58605246.
213
What is the greatest common divisor of 27 and 64649367?
27
What is the highest common divisor of 215008970 and 110?
110
Calculate the highest common divisor of 13589 and 1465834.
127
What is the highest common factor of 13019326 and 127934?
2722
What is the highest common divisor of 216 and 62344?
8
What is the greatest common divisor of 20 and 39826125?
5
What is the greatest common factor of 3958 and 19055791?
1979
What is the greatest common divisor of 25258 and 20068?
346
What is the highest common factor of 3901508 and 364?
52
What is the highest common factor of 18360 and 442780?
20
What is the highest common factor of 27 and 6219009?
9
What is the greatest common factor of 519 and 417968?
173
What is the greatest common factor of 640695 and 878460?
1815
What is the greatest common factor of 792 and 20449352?
88
Calculate the highest common divisor of 84 and 633716.
4
Calculate the greatest common divisor of 1948050 and 3705.
195
Calculate the greatest common factor of 135 and 6430293.
27
What is the greatest common factor of 5 and 611005?
5
Calculate the greatest common factor of 411144 and 7248.
24
What is the highest common divisor of 143 and 82641338?
13
Calculate the greatest common divisor of 30 and 17701390.
10
Calculate the highest common factor of 403 and 1634237137.
403
What is the greatest common factor of 10439372 and 4193?
599
What is the highest common divisor of 14443580 and 1220?
1220
Calculate the highest common factor of 420 and 15123535.
35
What is the greatest common divisor of 22845333 and 21?
21
What is the greatest common factor of 750 and 29?
1
Calculate the greatest common factor of 5359 and 6424475.
23
Calculate the highest common divisor of 380 and 73318.
2
Calculate the highest common factor of 486815 and 295.
5
What is the greatest common factor of 314792 and 28880?
2888
Calculate the highest common factor of 6062868 and 14.
14
What is the highest common divisor of 1321 and 123624?
1
What is the highest common factor of 604536430 and 10?
10
Calculate the highest common factor of 60070103 and 3830.
383
What is the highest common factor of 579255 and 177025?
365
Calculate the highest common factor of 3306 and 10131294.
114
Calculate the greatest common divisor of 13347794 and 10274.
934
What is the greatest common divisor of 7678 and 4184554?
22
Calculate the highest common factor of 294389 and 1275.
17
What is the highest common factor of 1710 and 15136293?
57
What is the greatest common divisor of 13826436 and 72?
12
Calculate the greatest common factor of 1088 and 57613.
17
What is the greatest common factor of 1992 and 12435672?
24
Calculate the greatest common factor of 2805 and 1151523186.
561
Calculate the highest common divisor of 71 and 23289491.
71
Calculate the greatest common divisor of 931 and 129618.
19
What is the greatest common divisor of 138078 and 5579374?
5114
Calculate the greatest common factor of 2006 and 487501129.
1003
What is the highest common divisor of 7548 and 5430548?
68
Calculate the highest common factor of 92790 and 73314.
18
What is the greatest common factor of 193076 and 2580112?
188
What is the greatest common factor of 14346 and 830474?
1594
What is the greatest common divisor of 83215840 and 5?
5
What is the highest common factor of 612749982 and 5122?
5122
What is the highest common divisor of 68 and 2503828?
68
Calculate the highest common factor of 56893 and 4127.
1
What is the highest common divisor of 676 and 1251907046?
338
Calculate the greatest common factor of 5430336 and 1116.
12
Calculate the greatest common factor of 955 and 587267509.
191
What is the highest common factor of 214237597 and 1596?
133
What is the highest common divisor of 71676 and 35310?
66
Calculate the greatest common factor of 103861 and 30564.
283
Calculate the greatest common factor of 1973 and 1089.
1
What is the highest common divisor of 16631009 and 251?
251
Calculate the highest common divisor of 232636993 and 697.
697
What is the highest common factor of 4945911 and 5664?
177
What is the greatest common factor of 560 and 3903120?
80
What is the highest common divisor of 4614386 and 410?
82
Calculate the highest common divisor of 3756594 and 4848.
606
What is the greatest common divisor of 148962 and 97539?
183
Calculate the highest common factor of 12538578 and 78.
78
Calculate the highest common factor of 8874084 and 120.
12
What is the greatest common divisor of 368 and 3020452?
92
What is the greatest common divisor of 2340 and 86724144?
468
What is the greatest common factor of 2798877 and 1154287?
1537
What is the greatest common factor of 182 and 64911483?
91
Calculate the greatest common divisor of 1295009 and 1595236.
4481
Calculate the greatest common divisor of 180603 and 13149.
27
What is the highest common divisor of 44 and 368888476?
44
Calculate the highest common factor of 27 and 37737279.
27
What is the highest common factor of 18808419 and 448?
7
Calculate the highest common factor of 249516037 and 171.
19
What is the highest common divisor of 4428088923 and 1887?
1887
What is the highest common factor of 424882 and 94?
2
Calculate the highest common divisor of 49901280 and 19344.
624
What is the greatest common factor of 5770304 and 3712?
1856
What is the highest common divisor of 79495 and 20800?
65
Calculate the highest common factor of 161888865 and 15.
15
Calculate the greatest common factor of 291887861 and 19.
19
Calculate the highest common divisor of 227976 and 46256.
3304
Calculate the highest common factor of 89323126 and 86.
86
Calculate the greatest common factor of 21 and 3850885920.
21
Calculate the greatest common divisor of 29120 and 5313490.
910
Calculate the highest common divisor of 50188572 and 810.
162
What is the greatest common divisor of 25883 and 3146?
143
Calculate the greatest common factor of 1170 and 302446755.
585
What is the greatest common factor of 1764 and 3054156?
84
Calculate the greatest common fact